u = l - -11. What are the prime factors of u?
2
Let o be (1 - 15)*(-6 - -5). Suppose 4*l - o = 18. List the prime factors of l.
2
Let d = -152 - -260. List the prime factors of d.
2, 3
Let q = 26 - 15. Let z(m) = -2*m**2 + 12*m - 3. Let l(x) = x**2 - 6*x + 2. Let t(k) = q*l(k) + 6*z(k). List the prime factors of t(5).
3
Suppose 2*z + 90 = 26. Let p be -3*(z/6)/2. Let f = 16 - p. List the prime factors of f.
2
Let l be ((-5)/(-10))/((-1)/(-54)). Suppose -v = 3*v + a - l, 5*a = v - 12. List the prime factors of v.
7
Let n(r) = -r**3 - 3*r**2 + 6*r + 4. Let v be n(-4). Let j be v/6 + 16/6. Suppose j = -5*y + 12. What are the prime factors of y?
2
Let w(o) be the third derivative of o**5/60 + o**4/12 + o**3/2 - 6*o**2. List the prime factors of w(-5).
2, 3
Suppose 0*g - 6 = -g. Let u = 3 - g. Let y(b) = -2*b - 1. List the prime factors of y(u).
5
What are the prime factors of 1 - (-21 + 2 + -2)?
2, 11
Suppose -c = n - 6 - 2, -3*n = 2*c - 21. Let a(m) = m + 5. Let b(o) = o + 4. Let d(t) = -4*a(t) + 5*b(t). List the prime factors of d(n).
5
Let o(p) = p**3 - 16*p**2 + 17*p + 13. List the prime factors of o(15).
43
Suppose -9 = -s + 82. What are the prime factors of s?
7, 13
Let y(u) = 0 + 1 + 4*u**2 + 3*u - 7 + 3. List the prime factors of y(3).
2, 3, 7
Let a be (-25)/(-10) - (-1)/2. Let d = a + 1. Suppose s - d - 1 = 0. What are the prime factors of s?
5
Let h(x) = x**3 + 7*x**2 + 7*x + 2. Suppose w - 6 = 2*w. Let b be h(w). List the prime factors of (b/3)/(4/(-54)).
2, 3
Suppose -i - i = -66. What are the prime factors of i?
3, 11
Let d(q) = -q**2 - 9*q - 3. Let x be d(-8). List the prime factors of 2 - (x - 3) - -3.
3
Suppose -3*p - 3*d + 3 = 0, -4*p + 24 = 2*d - 3*d. What are the prime factors of p - (0/(-2) - 1)?
2, 3
Let x be (1 + 2)/(5/140). Suppose 5*f - 4*a - x = 0, 2*a - 6*a = 4. What are the prime factors of (-25)/10*f/(-10)?
2
Let b(g) be the first derivative of -g**4/4 + 7*g**3/3 - 3*g**2/2 - 2*g - 2. List the prime factors of b(5).
3, 11
Let o(l) = l**3 + 9*l**2 + 9. What are the prime factors of o(-9)?
3
Let p(m) = 6*m**2 + 1. Let a be p(-2). Suppose 0 = t - 6*t + a. Suppose -t*h + 3 + 12 = 0. List the prime factors of h.
3
Let v(d) = -7*d**3 - d**2 + d + 1. Let x(n) = -2*n + 6. Let y(t) = -t + 3. Let g(f) = 4*x(f) - 7*y(f). Let i be g(4). List the prime factors of v(i).
2, 3
Let r(z) = -z**2 - 10*z - 12. Let u be r(-8). Suppose -3*m = -0*m + u*c - 1436, 5*m - 2390 = -5*c. List the prime factors of m/21 - (-2)/(-3).
2, 11
Let s(x) = -3*x + 3. Let b(n) = -2*n + 14. Let c(g) = 2*g - 13. Let q(f) = -4*b(f) - 5*c(f). Let k be q(7). List the prime factors of s(k).
2, 3
Let u = 8 + 21. List the prime factors of u.
29
Let n(m) = 64*m**3 + m**2 - m. What are the prime factors of n(1)?
2
Suppose y = -0*y + 3*v + 6, 0 = -5*v + 25. Let h = y - 15. What are the prime factors of h?
2, 3
Let l be (4/(-5))/((-2)/5). Let b = -4 + l. Let j(g) = -2*g**3 - 3*g**2 - 2*g - 2. What are the prime factors of j(b)?
2, 3
Suppose -m + 3*z - 5 = 0, 0*m - 3*m = -z - 9. Suppose 5*k = -2*t + 11, 0 = -2*k + 5*t + 28 - 12. Let r = m + k. What are the prime factors of r?
7
Let s = -11 - -19. Suppose -60 = -13*p + s*p. What are the prime factors of p?
2, 3
Suppose c - 3*r = 1, -c + 0*c - r = -5. Suppose k + 5*d - 33 = 34, k - 62 = -c*d. What are the prime factors of k?
2, 3, 7
Let d(k) = 4*k**2 - 13*k - 2. List the prime factors of d(6).
2
Let s be ((-8)/(-10))/((-4)/20). Let i(j) = j**3 + 5*j**2 + 1. Let c be i(s). Suppose 3*o = 4*b - c, 0 = -b - 2*o - 4. What are the prime factors of b?
2
Let f be (-2)/2*(-2 - 1). Suppose 24*o - 40 = 23*o. Suppose -2*p + o = f*p. What are the prime factors of p?
2
Suppose 0*p + 210 = 5*p. What are the prime factors of p?
2, 3, 7
Let y = 2 - 11. Let n = y - -34. List the prime factors of n.
5
Let a = 194 - 109. What are the prime factors of a?
5, 17
What are the prime factors of (-4)/(-18) - 237/(-27)?
3
Let a = 7 + 20. List the prime factors of a.
3
Suppose -2*c + 251 - 97 = 0. List the prime factors of c.
7, 11
Let w(o) = o**3 + 11*o**2 + 13*o + 19. List the prime factors of w(-8).
107
Let t(l) = 162*l**3 + l**2 + 3*l - 4. What are the prime factors of t(1)?
2, 3
Let x(w) = -w**3 + 15*w**2 - 14*w - 5. List the prime factors of x(11).
5, 13
Let v(z) = 2*z**3 - z**2 - 3*z**2 - 17*z - 2 + 13*z. List the prime factors of v(4).
2, 23
Suppose 5*n - 13 + 3 = 0. What are the prime factors of n/((-3)/30*-4)?
5
Let n(g) = g**2 + g. Let p(q) = 3*q**2 + 13*q - 6. Let b(x) = -4*n(x) + p(x). Let m be b(8). Suppose 0 = 4*w - m*w - 30. List the prime factors of w.
3, 5
Let x be 2*(-2)/(-8)*-6. What are the prime factors of (-1)/(x*(-3)/(-18))?
2
Let n(s) be the third derivative of s**6/20 - s**4/24 + s**3/2 - s**2. Let l(c) be the first derivative of n(c). List the prime factors of l(1).
17
Let l(p) = -2 - p**3 + p - 2*p**3 + 3. List the prime factors of l(-1).
3
Suppose -4*s = -6*s + 6. Suppose 2*j - n - 64 = 0, -3 = 3*n + s. What are the prime factors of j?
31
Let q(u) = 13*u**2 - u**3 - 1 - u + 0*u - 4*u - 6*u**2. What are the prime factors of q(6)?
5
Suppose 0 = -4*r + 3 + 5. Let j be r/9 - (-16)/9. Suppose 14 = y - 4*s, 5*y - 40 = 3*s + j*s. What are the prime factors of y?
2, 3
Let o(j) = j**2 - 8*j + 14. What are the prime factors of o(10)?
2, 17
Let t be (2/1)/(8/(-28)). Let g be (-8)/(-1 + 2/4). Let s = t + g. List the prime factors of s.
3
Let y = -4 - -8. Suppose 0 = 3*m + y*l - 62, 3*m + l = m + 43. List the prime factors of m.
2, 11
Let k = 248 + 49. What are the prime factors of k?
3, 11
Suppose 0 + 20 = 4*y. Suppose 0 = 2*n + 3*n - 10. Suppose 3*d + n*d - 10 = y*a, -2*a - 16 = -4*d. What are the prime factors of d?
2, 3
Suppose 5*m = 0, -2*g + 2*m - 7*m + 10 = 0. Suppose y + 4*y + 100 = 5*z, 94 = g*z + y. What are the prime factors of z?
19
Let h(z) be the first derivative of 2*z**3/3 + 2*z**2 + 3*z - 1. List the prime factors of h(-4).
19
Let o = -11 - -1. Let g(t) = -4*t + 3. List the prime factors of g(o).
43
Suppose 2*z = 2*t - 2, 0 = -2*t - 4*z - 4 + 24. Suppose c = -t*c + 20. List the prime factors of 48/c + (-3 - -1).
2, 5
Suppose 4*c - 5 + 1 = 0, 0 = 2*v - 5*c + 1. List the prime factors of v.
2
Suppose 2*q = -5*g + 26, 5*q + 5*g = 28 + 67. Let y = q - 6. What are the prime factors of y?
17
Let x = -622 - -1842. Suppose 5*t - x = u, -t - u + 253 = -3*u. List the prime factors of 1/(-5) + t/15.
2
Let g(r) = -2*r**3 + 6*r**2 - 2*r - 3. Let q(f) = -f**3 + f**2 - f. Let l(m) = -g(m) + 3*q(m). List the prime factors of l(-3).
2, 3
Suppose 2*c - 54 = 2*y, 2*y + 14 = 4*c - 30. Let j = y + 74. What are the prime factors of j?
2, 3, 7
Let u(x) = -9 + x**2 + 2 + 5 + x. What are the prime factors of u(4)?
2, 3
Let p be (10/(-4))/(1/(-2)). Suppose -p*r = 20, -4*x + 3*r + 4 + 0 = 0. What are the prime factors of 116/10 - x/5?
2, 3
Let u(o) = -o**2 - o + 1. Let i(j) = 35*j**3 + 2*j**2 + 3*j - 4. Let f(h) = -i(h) - 4*u(h). What are the prime factors of f(-1)?
2, 3
Suppose g - 5 = 3*o, -g + 4*g = 3*o + 9. Suppose 21 = -t + 4*t. Suppose -t*r + 55 = -g*r. List the prime factors of r.
11
What are the prime factors of (506/(-33))/(2/(-6))?
2, 23
Suppose -4*w - 37 + 5 = 0. Let o = 18 + w. List the prime factors of o.
2, 5
Let h(u) = u**3 - 5*u**2 - 6*u + 3. Let z be h(6). Suppose o + 49 = z*o + 5*w, -w = -4*o + 87. What are the prime factors of o?
2, 11
Suppose 0 = -2*h - 6*w + 3*w + 348, 3*h - 4*w = 488. What are the prime factors of h?
2, 3, 7
Let b(o) = o**3 + 8*o**2 - 7*o + 12. Let p be b(-9). Let m be p/30 + 22/10. Suppose 66 = 5*d - 3*h, m*d = 3*d + 4*h - 4. List the prime factors of d.
2, 3
List the prime factors of 1/(-4) - 4625/(-20).
3, 7, 11
Suppose 0 = -2*s + k - 19, s - 2*k = -9 + 1. What are the prime factors of (-82)/3*15/s?
41
Suppose 188 = 4*j + 56. What are the prime factors of j?
3, 11
Let k = -25 - -41. What are the prime factors of k?
2
Suppose 0 = 4*d - 5*a - 153, 0 = 2*d + 3*a - 98 + 27. What are the prime factors of d?
37
Suppose -4*b + 0*y + 5*y + 312 = 0, 2*y = 2*b - 156. List the prime factors of b.
2, 3, 13
Let m = 53 + -38. Let z = -9 + m. List the prime factors of z.
2, 3
Let j(k) = -4 - k**2 + 6 + 2*k**2 - 4. What are the prime factors of j(2)?
2
Let b be (-4 - -1) + 8 + 1. Suppose 0 = -2*z + b*z - 116. What ar